me factors of 212623?
149, 1427
What are the prime factors of 10618422?
2, 3, 1769737
What are the prime factors of 6682818?
2, 3, 29, 193, 199
What are the prime factors of 1202569?
1202569
What are the prime factors of 43816539?
3, 13, 1123501
What are the prime factors of 37766588?
2, 17, 555391
List the prime factors of 5545575.
3, 5, 7, 503
List the prime factors of 664876.
2, 166219
List the prime factors of 2009681.
79, 25439
What are the prime factors of 203093?
11, 37, 499
List the prime factors of 16777.
19, 883
What are the prime factors of 111795?
3, 5, 29, 257
What are the prime factors of 151616?
2, 23, 103
List the prime factors of 948326.
2, 474163
List the prime factors of 380444.
2, 95111
List the prime factors of 4514089.
97, 173, 269
List the prime factors of 63751.
37, 1723
List the prime factors of 91371.
3, 7, 19, 229
List the prime factors of 4080501.
3, 67, 101
List the prime factors of 8988849.
3, 43, 23227
List the prime factors of 6386522.
2, 3193261
List the prime factors of 1006394.
2, 503197
List the prime factors of 362960.
2, 5, 13, 349
List the prime factors of 1629018.
2, 3, 97, 311
List the prime factors of 21494618.
2, 97, 101, 1097
What are the prime factors of 2292331?
17, 19, 47, 151
What are the prime factors of 11144116?
2, 379, 7351
List the prime factors of 24813.
3, 919
What are the prime factors of 7067089?
7067089
What are the prime factors of 4759150?
2, 5, 11, 17, 509
What are the prime factors of 27149010?
2, 3, 5, 7, 129281
What are the prime factors of 11941569?
3, 499, 2659
List the prime factors of 527137.
13, 23, 41, 43
What are the prime factors of 16661567?
13, 257, 4987
What are the prime factors of 28890272?
2, 902821
What are the prime factors of 6082145?
5, 41, 29669
List the prime factors of 89604.
2, 3, 19, 131
List the prime factors of 402787.
7, 11, 5231
What are the prime factors of 3150841?
3150841
List the prime factors of 13096555.
5, 887, 2953
What are the prime factors of 507767?
13, 139, 281
List the prime factors of 446655.
3, 5, 11, 2707
List the prime factors of 530839.
37, 14347
List the prime factors of 21553535.
5, 17, 43, 5897
What are the prime factors of 80906?
2, 7, 5779
List the prime factors of 2947705.
5, 29, 701
List the prime factors of 8305972.
2, 409, 5077
What are the prime factors of 2476309?
11, 225119
What are the prime factors of 468024?
2, 3, 19501
What are the prime factors of 4055353?
4055353
What are the prime factors of 2575347?
3, 17, 50497
List the prime factors of 52281.
3, 37, 157
What are the prime factors of 1198236?
2, 3, 13, 7681
List the prime factors of 30616616.
2, 53, 163, 443
List the prime factors of 7622848.
2, 119107
What are the prime factors of 648049?
241, 2689
List the prime factors of 1970933.
257, 7669
List the prime factors of 7234847.
7234847
What are the prime factors of 12513899?
521, 24019
What are the prime factors of 2360153?
251, 9403
List the prime factors of 26052243.
3, 7, 71, 101, 173
List the prime factors of 1900876.
2, 475219
List the prime factors of 93133.
93133
What are the prime factors of 1554596?
2, 53, 7333
What are the prime factors of 295161?
3, 98387
What are the prime factors of 1747403?
7, 59, 4231
List the prime factors of 27439038.
2, 3, 11, 138581
What are the prime factors of 1128999?
3, 19, 29, 683
What are the prime factors of 858664?
2, 181, 593
What are the prime factors of 193205?
5, 17, 2273
List the prime factors of 1623524.
2, 7, 23, 2521
What are the prime factors of 605940?
2, 3, 5, 10099
List the prime factors of 222190.
2, 5, 17, 1307
What are the prime factors of 526378?
2, 23, 11443
List the prime factors of 4715.
5, 23, 41
What are the prime factors of 3731165?
5, 746233
List the prime factors of 752953.
643, 1171
What are the prime factors of 191569?
7, 27367
What are the prime factors of 318840?
2, 3, 5, 2657
List the prime factors of 1712675.
5, 68507
What are the prime factors of 639443?
7, 167, 547
List the prime factors of 9741555.
3, 5, 71, 3049
List the prime factors of 3472080.
2, 3, 5, 17, 23, 37
What are the prime factors of 3441194?
2, 1720597
List the prime factors of 228638.
2, 114319
List the prime factors of 1962939.
3, 11, 17, 3499
List the prime factors of 4241038.
2, 59, 127, 283
What are the prime factors of 553103?
553103
What are the prime factors of 2881092?
2, 3, 17, 29, 487
What are the prime factors of 15556802?
2, 17, 457553
What are the prime factors of 123237?
3, 13693
What are the prime factors of 274763?
59, 4657
What are the prime factors of 580418?
2, 290209
What are the prime factors of 680738?
2, 340369
What are the prime factors of 15010114?
2, 7, 19, 73, 773
What are the prime factors of 884895?
3, 5, 11, 31, 173
What are the prime factors of 190853?
13, 53, 277
What are the prime factors of 1845872?
2, 7, 16481
List the prime factors of 289067.
289067
List the prime factors of 252903.
3, 7, 12043
What are the prime factors of 302043?
3, 7, 19, 757
List the prime factors of 941512.
2, 11, 13, 823
List the prime factors of 345175.
5, 13807
List the prime factors of 1130149.
541, 2089
What are the prime factors of 5411465?
5, 347, 3119
What are the prime factors of 199652?
2, 19, 37, 71
List the prime factors of 4418994.
2, 3, 199, 3701
What are the prime factors of 419161?
419161
List the prime factors of 52201.
52201
List the prime factors of 417117.
3, 163, 853
List the prime factors of 12009544.
2, 1501193
List the prime factors of 17598965.
5, 3519793
What are the prime factors of 18361439?
18361439
List the prime factors of 232864.
2, 19, 383
What are the prime factors of 986206?
2, 13, 83, 457
What are the prime factors of 8051680?
2, 5, 7, 13, 79
What are the prime factors of 2768553?
3, 102539
What are the prime factors of 1579920?
2, 3, 5, 29, 227
List the prime factors of 94134.
2, 3, 29, 541
What are the prime factors of 1850074?
2, 23, 37, 1087
List the prime factors of 565269.
3, 19, 47, 211
What are the prime factors of 378426?
2, 3, 59, 1069
List the prime factors of 932941.
932941
What are the prime factors of 33262561?
97, 139, 2467
List the prime factors of 221602.
2, 179, 619
List the prime factors of 5740336.
2, 7, 107, 479
What are the prime factors of 712386?
2, 3, 19, 2083
List the prime factors of 6486955.
5, 1093, 1187
List the prime factors of 314889.
3, 43, 2441
List the prime factors of 9477852.
2, 3, 229, 3449
What are the prime factors of 32995092?
2, 3, 13, 211507
What are the prime factors of 4548334?
2, 7, 19, 17099
What are the prime factors of 4182033?
3, 19, 73369
List the prime factors of 1276629.
3, 19, 22397
List the prime factors of 24855.
3, 5, 1657
List the prime factors of 33716426.
2, 83, 101, 2011
List the prime factors of 585796.
2, 146449
List the prime factors of 22973143.
22973143
List the prime factors of 285490.
2, 5, 28549
List the prime factors of 203245.
5, 7, 5807
What are the prime factors of 2538260?
2, 5, 126913
What are the prime factors of 131748?
2, 3, 10979
List the prime factors of 703332.
2, 3, 7, 2791
List the prime factors of 10538991.
3, 23, 5657
List the prime factors of 1554019.
1554019
What are the prime factors of 439063?
439063
List the prime factors of 6404410.
2, 5, 17, 101, 373
List the prime factors of 351104.
2, 13, 211
List the prime factors of 1920269.
13, 17, 8689
List the prime factors of 26123407.
17, 509, 3019
List the prime factors of 2598347.
2598347
What are the prime factors of 2374006?
2, 1187003
List the prime factors of 117060.
2, 3, 5, 1951
List the prime factors of 327294.
2, 3, 11, 19, 29
List the prime factors of 23420257.
7, 947, 3533
What are the prime factors of 2386632?
2, 3, 277, 359
List the prime factors of 17803456.
2, 11, 19
What are the prime factors of 32209?
31, 1039
List the prime factors of 281773.
23, 12251
List the prime factors of 9933605.
5, 11, 179, 1009
List the prime factors of 4262200.
2, 5, 101, 211
What are the prime factors of 1965905?
5, 393181
List the prime factors of 3644608.
2, 11, 31, 167
What are the prime factors of 447717?
3, 149239
What are the prime factors of 10291002?
2, 3, 1715167
List the prime factors of 350360.
2, 5, 19, 461
What are the prime factors of 19586699?
11, 31, 71, 809
What are the prime factors